e -18 = 5*i + q. Let r(o) = o**3 + 3*o**2 - 4*o - 3. What is r(i)?
-3
Let q(a) be the third derivative of a**5/60 - a**4/24 + a**3/3 - 16*a**2. Determine q(3).
8
Suppose y + 12 = -4*t - y, -5*t - 5*y = 15. Let p(j) = 32*j - 13*j - 18*j. Give p(t).
-3
Let j be (0 - -7) + (-10)/(-5). Let q(a) = -a**2 + a + 2. Let s be q(3). Let u(i) = 6*i - 4. Let v(b) = 13*b - 9. Let t(d) = j*u(d) + s*v(d). Calculate t(-2).
-4
Suppose 4*k = -2*v + 5*v + 17, v + 3*k = 3. Let y(z) = z**3 + z**2 - z + 1. Let t(l) = 2*l**2 + 2*l - 5. Let q(j) = -t(j) - y(j). Determine q(v).
7
Suppose -p + 2 - 1 = 0. Let z(u) = 2*u - 1. What is z(p)?
1
Let c(t) = t + 6. Let d be c(-6). Let j = 0 - d. Let i(o) = -2*o + 7 - 4 + 1 + o. Determine i(j).
4
Let y(d) = d**3 - 4*d**2 + 2*d. Let v be y(2). Let z(p) = p**2 + 3*p - 4. Determine z(v).
0
Let z(o) = 0 + 7*o**2 - 45*o + 2*o**3 + 54*o + 3 - 3*o**3. Calculate z(8).
11
Let l(b) = -b**2 - 7*b - 7. Let x be (-6)/(-12)*(-9 + -1). What is l(x)?
3
Let o(n) = 9*n - 2. Let v(j) = -17*j + 3. Let b = 15 + -4. Let s = -10 + 16. Let c(q) = b*o(q) + s*v(q). Determine c(-3).
5
Suppose -3*w + 42 = 4*w. Let u(r) = 2*r - 1. What is u(w)?
11
Suppose 0 = 3*u + 2 + 4. Let y(o) be the second derivative of 5*o - o**2 - 2/3*o**3 - 1/20*o**5 + 0 - 1/6*o**4. What is y(u)?
6
Let z(n) = -2*n**2 + 9*n - 3. Let v(a) = a. Let p(u) = -6*v(u) + z(u). Suppose 2*t + 4*x - 12 = -2*t, 4*t + 5*x = 13. Give p(t).
-5
Let a be (-1 - -10)*(1 + 20/(-12)). Let r(j) = j**3 + 7*j**2 + 7*j + 3. Calculate r(a).
-3
Let b be ((-9)/12)/(2/8) - -4. Let z(j) = j**3 - j**2 + 1. Calculate z(b).
1
Let b(v) = 4*v + 3. Let a(k) = -4*k - 4. Let r(y) = 4*a(y) + 5*b(y). Give r(-1).
-5
Let o(j) = -j**2 + 4*j - 3. Let v(k) = -3*k**2 + 11*k - 9. Let l(s) = 8*o(s) - 3*v(s). Suppose 2*n - n = 0. What is l(n)?
3
Let j(y) = 56*y - 78. Let r(s) = 5*s - 7. Let i(x) = -6*j(x) + 68*r(x). Determine i(7).
20
Let a(i) = i**3 - 2*i**3 + 1 - i**2 - 4 - 2. Determine a(0).
-5
Let o = 3 + 0. Let m(x) = 4*x**2 - 5 + 2*x**3 - x - x**3 - x**3 - x**o. Calculate m(4).
-9
Suppose -c - 3*j = 2, 3*c + 3*j + 7 = 19. Let s(l) = -l + 13. Determine s(c).
6
Let o(g) = g**3 - 3*g**2 + 2*g + 1. Let q(b) = -b**2 + 6*b + 5. Let x be q(6). Let f = x - 1. Suppose -2*l + 6 = 4*z, 4*z - f*l + 9 = 21. Calculate o(z).
1
Let q(v) = -v**2 + 5*v + 2. Suppose 18 = -2*s + 2. Let b be 6/s*(-6 + 2). Determine q(b).
8
Let t(j) be the third derivative of -j**5/60 - j**4/6 - 5*j**3/6 + 3*j**2. Give t(-5).
-10
Suppose 0 = 3*z + u - 122, -3*z = -2*u - u - 114. Let a be 1/3 - z/30. Let p(x) = -6*x - 1. Give p(a).
5
Suppose 3*q = 8*q - 35. Let s(w) = -w**3 + 6*w**2 + 8*w - 2. Give s(q).
5
Let o(l) = 5*l - 34*l**2 - l + 0 + 35*l**2 - 1. Let k = 4 + -9. Determine o(k).
4
Let p be 2/6*-2*3. Suppose -u = u - 10. Let v(r) = 3*r**3 - 10*r**2 - r + 5. Let d(y) = y**3 - 5*y**2 - y + 2. Let s(b) = u*d(b) - 2*v(b). Determine s(p).
-6
Let m(x) be the second derivative of x**4/12 - 2*x**3/3 + x**2 + 3*x. Let w be m(4). Let p(j) = -j + 2*j**w + 1 + 0*j**2 - 2. What is p(-1)?
2
Let f = 55 + -49. Let y(l) = -l + 12. Determine y(f).
6
Let h(r) = -r + 9. Let f = 13 - 6. Give h(f).
2
Let t be (-2 + (-2 - -2))/(11/(-22)). Let m(a) = -a**2 + 3*a + 3. Give m(t).
-1
Let l(m) = m**3 + 6*m**2 - m + 4. Let h(j) be the first derivative of -j**3/3 - 5*j**2/2 - 6*j - 1. Let n be h(-5). Calculate l(n).
10
Let i(q) = q**3 + 2*q**2 - 1. Let u be i(-1). Let n(j) = -4*j**3 + 10*j - 18. Let o(c) = c**3 - 3*c + 6. Let a = -13 + 6. Let v(y) = a*o(y) - 2*n(y). Give v(u).
-6
Let y(v) = 1 + 0*v**3 - 5*v**3 + v**3. Let q = 3 + -4. What is y(q)?
5
Let r(i) = -i - 17. Let s be r(-16). Let n(u) be the second derivative of u**5/20 + u**4/4 + u**3/6 - 2*u. Give n(s).
1
Suppose 5*o + 2 = -3*g - 23, 0 = -3*o - 2*g - 15. Let y(c) be the first derivative of c**3/3 + 3*c**2/2 - 4*c + 1. Calculate y(o).
6
Let x(m) = -1 + 0 - 8*m + m**2 + 2*m. Suppose 3*j + 2*q - 3 = -1, 5*j - 2*q + 18 = 0. Let y be (2 - 2) + (3 - j). Give x(y).
-6
Let h(s) = 2*s**2 - 6. Let y(k) = -2*k**2 + 7. Let r(m) = -5*h(m) - 4*y(m). Determine r(2).
-6
Let a(t) be the first derivative of t**4/4 - 2*t**3/3 - 5*t**2/2 - 3*t + 12. Suppose -7*m = -2*m - 20. Determine a(m).
9
Suppose 3*g - 8 + 20 = 0. Let l be ((-5)/(-4))/((-1)/g). Let y(o) = -o + l*o - 3*o. Determine y(-2).
-2
Let r(z) = -z**3 + 3*z**2 + 2*z + 3. Suppose t = -0*t + 6. Suppose 6 + t = p. Suppose 0 + p = 3*c. Give r(c).
-5
Let i(t) = 3*t**2 + 14*t - 15. Let z(k) = -2*k**2 - 7*k + 8. Let f(l) = 4*i(l) + 7*z(l). Determine f(5).
-19
Let b(f) be the third derivative of f**4/12 + f**3/6 - f**2. Let h be (2 - 3) + 1 + 15. Suppose -l - 4*l = h. What is b(l)?
-5
Let c(m) = m**3 - 5*m**2 + m - 2. Suppose -14 = -5*u + 11. What is c(u)?
3
Suppose -12 = -q - 3*q. Let i(w) = -2*w**3 + 0 + 2*w**3 + w**q + 7 - 6*w**2. Calculate i(6).
7
Suppose 0 = -2*r - 3*r - 25. Let l(y) = 1 - 2*y + 5*y + 6 - 3. Calculate l(r).
-11
Let s(f) = -2*f + 3. Let y be s(3). Let d = -2 - y. Let m(w) = 6*w + 1. Give m(d).
7
Let g(z) = 2*z + 4. Suppose -2*r - 2*k - 4 = 0, -5*r + 23 = -5*k - 17. Let n be (r - 5)/(2/(-5)). Let q be (-6)/(-10) + (-28)/n. Calculate g(q).
-6
Let v(m) be the second derivative of -5/6*m**3 - 5/2*m**2 - 1/12*m**4 + 0 + 4*m. Give v(-5).
-5
Let c(f) = 3*f**2 + 18*f + 17. Let u(p) = -p**2 - 6*p - 6. Let d(x) = 3*c(x) + 8*u(x). Calculate d(-4).
-5
Let m(c) = 16 + 4*c - 2*c**2 - 16. Let j be (-2)/8 + 111/12. Suppose 4*i - j*i = 2*l + 4, -5*l = -4*i - 23. Calculate m(l).
-6
Let u = 18 + -18. Let a(x) = x - 2. Give a(u).
-2
Suppose 2*z = -16 - 0. Let s(r) be the first derivative of r**3/3 + 4*r**2 + r - 1. Let g be s(z). Let f(y) = 9*y - 1. Calculate f(g).
8
Suppose 6*t = 8*t - 4. Let p be (8/(-16))/(t/20). Let s(k) = -k**3 - 4*k**2 + 6*k - 6. Give s(p).
-11
Suppose -5*y + g + 10 = 0, 3*y = 3*g - 5*g + 6. Let x(s) = y*s - 2*s + 0*s + 4*s. Suppose 0 = -4*b - 2*r - 12, -5*r = 4*b + 14 + 10. Determine x(b).
-4
Let h be (-10)/(-15) - (-5)/(-3). Let q be h/(-4) + 56/32. Let m(c) = 2*c**3 - 3*c**2 + 2*c + 2. Give m(q).
10
Suppose 0 = -0*q + 3*q + 3. Let o(f) be the first derivative of f**2/2 - f - 1. Let u(p) = -11*p + 3. Let i(t) = 4*o(t) + u(t). Give i(q).
6
Suppose 0 = -5*a - 8*a. Let j(p) = -5*p**2 - 4*p - 12. Let t(b) = -4*b**2 - 3*b - 11. Let g(n) = 3*j(n) - 4*t(n). Give g(a).
8
Suppose -13 = 2*m - 5*t, 19 = m - 5*m + 3*t. Let b(o) = o**2 + 5*o + 6. What is b(m)?
2
Suppose 3*a - 3*l = 12, 3*a - 1 = a - 5*l. Let h(v) = -2*v - 4. Let k be h(-3). Let q(o) = -3*o**2 - a*o - 4 + k*o + 3. What is q(-1)?
-3
Let v be 14*(-2)/(-4) + -4. Let p(r) = r**3 - 3*r**2 - 4*r + 1. Determine p(v).
-11
Let f(c) = -2*c + 21. Let n(s) = -s + 7. Let j(a) = 3*f(a) - 8*n(a). Calculate j(-5).
-3
Suppose 12 = -2*q + 6. Let m(z) = -2*z + 2. Give m(q).
8
Let h be 12/5 + (-8)/20. Let i(v) = -v**3 + v**2 + v - 1. Calculate i(h).
-3
Let w be (9/(-6))/(4/(-8)). Let i(t) = -t**2 + 2*t + 1. Let l be i(w). Let k(s) = 15*s + 9. Let f(d) = -7*d - 4. Let h(c) = -5*f(c) - 2*k(c). What is h(l)?
-8
Let p(i) = 4*i - i - 4*i + 2. Let l(u) = -u**2 + u - 2. Let v(o) = 2*l(o) + 3*p(o). What is v(-2)?
-4
Let w(z) = z**2 + 8*z + 10. Let y(s) = -s**3 - 5*s**2 - 5*s - 4. Let v be y(-3). Calculate w(v).
3
Let l(t) be the third derivative of t**6/120 + t**5/30 - t**2. Let i be 0/2 - (7 + 10/(-2)). Give l(i).
0
Let r(i) = i**2 - i - 1. Let t(z) = -8*z**2 + 7*z + 5. Let u(l) = -6*r(l) - t(l). Let n(b) = -b**2 + 4*b + 7. Let k = -6 - -11. Let x be n(k). Give u(x).
7
Let g(n) be the first derivative of -n**4/4 + 7*n**3/3 - 3*n**2 - 2*n + 12. Give g(6).
-2
Let y(t) be the second derivative of 1/6*t**3 - 6*t - 9/2*t**2 + 0. What is y(6)?
-3
Let k(l) = -l - 1 + 4 + 3 - 1. Determine k(6).
-1
Let p = -3 - -5. Let l be -2 + (p - 2) + -1. Let z(q) = q**3 + 3*q**2 + 3*q + 4. Determine z(l).
-5
Let i(x) be the second derivative of x**3/6 + 4*x**2 + x. Suppose 15 = -4*m - 9. Determine i(m).
2
Let u(c) = 2*c + 3. Let d be (1 + -2)/1*(-3 + 5). Give u(d).
-1
Suppose -q - 1 + 5 = 5*k, -8 = -2*q - k. Let t(y) = 13*y - 10*y + q - 2. Determine t(3).
11
Let v(u) = 20*u - 5. Let g(q) = -2*q + 1. Let p(t) = -5*g(t) - v(t). Determine p(-2).
20
Let d(s) = -3 - 2 + 5 + 3*s. Let g be d(1). Let f(x) = -2*x**2 + 4*x. What is f(g)?
-6
Let w(l) = -l**2 - 6*l - 1. 